b + g*m = y, -3*m + 25 = 2*m. What is the units digit of b?
7
Suppose 2*u - 5*u + 225 = 0. Suppose 0 = -q - 2*q + 3*h + 45, u = 5*q + 3*h. What is the units digit of q?
5
Suppose -4*u - w - 2 = 0, -5*w + 6 = -0*u + 4*u. Let n(c) = 4*c**2 + 0*c**2 - c**2 + c + 0*c. What is the units digit of n(u)?
2
Suppose -4*c + c - 4*m = -382, 0 = 4*c + 2*m - 526. What is the tens digit of c?
3
Let b be 12/(-2)*(-3)/9. Suppose -b*u = -6*u. What is the units digit of 2 - (-1 + (0 - u))?
3
Let h = 177 - 77. What is the tens digit of h?
0
Suppose 0 = -a + 6*a. Suppose a = -2*h + 5*p - 18, -5*p + 10 = 2*h - 3*p. What is the units digit of h?
1
Let q be (-1 - -3) + (-30)/(-1). Suppose -r = -3*r - q. Let l = 23 + r. What is the units digit of l?
7
Suppose -v + 576 = 3*v. Let r = v + -101. What is the tens digit of r?
4
What is the units digit of 6/8 + 948/16?
0
Suppose 0*x + 56 = 4*x - p, -3*x = -3*p - 42. Let k = x + -8. Let w = 17 - k. What is the tens digit of w?
1
Let j be (2/(-4))/((-1)/12). Let q = j + -3. Suppose 1 = q*s - 5. What is the units digit of s?
2
Let p(m) = -m**2 + 21*m - 3. What is the tens digit of p(18)?
5
What is the units digit of ((5 - 1) + -3)/(1/49)?
9
Let f(j) = j**3 - 4*j**2 - 4*j - 5. Let a = -6 + 11. Let c be f(a). Suppose -y + 13 - 1 = c. What is the tens digit of y?
1
Let d = 11 - 19. Let a be 6 + d - (0 - 5). Suppose -z - a*z = -4. What is the units digit of z?
1
Let a be (-4)/(-6) - 1/(-3). Suppose -j - a = 0, 2*l - 3*j - 10 = j. Suppose f - l*w = 1, 5*w = -6*f + 2*f + 21. What is the units digit of f?
4
Suppose -3*h = 3*h - 132. What is the units digit of h?
2
Suppose 5*s = -0*s + 40. What is the units digit of s?
8
Suppose 5*s + 55 = -0*s. Let i = -3 - s. What is the units digit of i?
8
Suppose -8 = 5*o - 3, 0 = -2*j + 2*o + 52. What is the tens digit of j?
2
Let w(o) = o - 4. Let b be w(9). Suppose 0 = -5*l + 2*h + 50, -h = 4*l - b*h - 28. What is the tens digit of l?
1
Let p be (-9)/6*4/1. Let r(k) = k + 6. Let m be r(p). Suppose -5*g + 5 + 15 = m. What is the units digit of g?
4
Let g = 6 - 0. What is the units digit of g?
6
Suppose 0 = -z + 3*p + 141, 0*p - 5 = 5*p. What is the tens digit of z?
3
Let f(y) = 3*y**2 - 10*y + 8. Let h be f(9). Suppose 5*p + x - 61 = 206, -3*p + h = x. What is the units digit of p?
3
Let m(l) = -l**3 - 3*l**2 - 2*l + 3. What is the units digit of m(-6)?
3
Let q be ((-2)/3)/((-4)/(-6)). Let s(m) = 12*m**2 - 6*m + 1. Let g(w) = -23*w**2 + 11*w - 2. Let d(p) = -6*g(p) - 11*s(p). What is the units digit of d(q)?
7
Let q(j) = 29*j - 2. Suppose -2*g - 2*h + 10 = 0, -3*h + 8 = -2*g - 2*g. What is the tens digit of q(g)?
2
Suppose -102 - 57 = -3*y. What is the tens digit of y?
5
Suppose 3*r - 5 - 10 = 0. What is the units digit of r?
5
Let w(l) = -2*l. What is the units digit of w(-14)?
8
Suppose -3*l - 4*y + 12 = -5*l, -5*l - 48 = -y. What is the tens digit of 4/(32/(-20))*l?
2
Let c(b) = 2*b + 2. What is the units digit of c(5)?
2
Suppose -9*a + 3*a = -216. What is the units digit of a?
6
Let j(d) = -10*d**2 + 2*d**3 + 4 - d + 0*d**3 - 3*d**3. Let z(k) = -k**3 + 11*k**2 + 13*k - 22. Let p be z(12). What is the units digit of j(p)?
4
Suppose 0 = -5*x + 2*m - 1 - 8, -2*m = -x - 5. What is the units digit of x/((-1)/32) - -2?
4
Suppose 0 = -3*u + 4*u + 5*n - 5, 2 = -3*u + 2*n. Suppose u*g - 5*g = -505. Suppose -g = -5*c - 3*k, -c = k - 5*k - 11. What is the units digit of c?
9
Let q = -2 - -31. What is the tens digit of q?
2
Suppose 3*h = v + 25, v + 5 + 2 = -3*h. Let q = -11 - v. Suppose -j + 2*r - 5 = 2*j, -25 = -5*j - q*r. What is the units digit of j?
1
Let o(h) be the first derivative of -h**2/2 + 2*h + 4. Let s be o(-3). Suppose s*n + d - 70 = 6*d, 5*d = 5. What is the tens digit of n?
1
Let x(v) be the first derivative of v**4/4 + 2*v**3 - v**2/2 + 6*v - 2. What is the tens digit of x(-5)?
3
Suppose 3*c - 29 - 40 = 0. Suppose -w - 6 = -c. What is the tens digit of w?
1
Let k be (-2)/((-1 - -4)/(-60)). Suppose 2*r - k = -0*r. What is the units digit of r?
0
What is the tens digit of -41*(-3 + 5 + -6)?
6
Let d(k) = -k - 3. Let y be d(-5). What is the tens digit of (-1)/y*-26 + 3?
1
Suppose 2*d = -2*h - 4 - 6, -3*h + 1 = -5*d. Suppose -4*x - 2*j + 20 + 50 = 0, -89 = -5*x - 3*j. What is the units digit of x/(-12)*1*h?
4
Suppose -16 = -4*k + 8. Let y(z) = -3*z**2 + z**2 + z**3 - 6*z - 3*z**2 + 6. What is the units digit of y(k)?
6
Suppose 0 = -0*j - 3*j - 3. What is the tens digit of (-4 + 3)*(-16 - j)?
1
Let t(m) = 2*m**2 + 2*m - 1. Let r be t(1). Suppose 2*j = -3*k + 67, 0 = k - 0*j - r*j - 26. What is the units digit of k?
3
Let y be (-28)/3 - (-4)/12. Let p = 1 - 21. Let o = y - p. What is the units digit of o?
1
What is the units digit of ((-38)/114)/(2/(-132))?
2
Suppose -2*r = -38 - 40. What is the units digit of r?
9
Let w = -9 + 9. Let f(q) = 18*q + w - 17*q + 0. What is the units digit of f(3)?
3
Suppose -2*q - q = 3*j + 60, -5*j = 20. Let i = 35 + q. What is the tens digit of i?
1
Suppose -2*i + 195 = 3*i - 5*x, -2*x - 8 = 0. What is the tens digit of i?
3
Let i be 8/(-36) + 14/(-18). Let b be 3/i - 31 - -3. Let n = b - -44. What is the units digit of n?
3
Let m(q) = -q + 3. What is the tens digit of m(-8)?
1
Let l(g) = g**3 + 3*g**2 - 4*g + 3. Let b be l(-4). Let m be 156/5 + (-3)/15. Suppose -3*u - 4*x = -m, -4*u + b*x + 0*x = -8. What is the units digit of u?
5
Let f(q) = -3*q + 45. What is the units digit of f(13)?
6
Let a = -8 + 2. Let c = 5 + a. Let v = c - -11. What is the units digit of v?
0
Suppose 13*s - 2 = 11*s. What is the units digit of s?
1
Let p = -12 + 14. Suppose -36 = -p*w + 22. What is the units digit of w?
9
Let o(x) = -x**3 + 9*x**2 - 3*x. Let g be o(8). Suppose -3*d = v - g, -d + 3*v = 4*d - 48. What is the tens digit of d?
1
Let u = -13 + 18. Suppose 0*c - 3*c + 3*s = -9, -5*c - u*s + 5 = 0. Suppose 0*d - 4*g = -2*d + 10, -4*d = -c*g - 14. What is the units digit of d?
3
Let x be (-1)/((1/1)/(-3)). What is the tens digit of (-102)/(-2*(-2 + x))?
5
Let a be 5*11*(-6 - -7). Suppose 0 = -4*m - o + 2, m - 3*o = -2*m - 6. Suppose m = l + z + 3*z - 14, 3*l - z - a = 0. What is the units digit of l?
8
Suppose 2*b + 17 = 53. What is the units digit of -2 + 1 + (b - 4)?
3
Let b(x) = x**2 + 1. What is the tens digit of b(-7)?
5
Let q(f) = -7*f - 14. Let d(x) = 4*x + 7. Let u(l) = -5*d(l) - 2*q(l). Let o be u(-5). Suppose -2*t + o + 13 = 0. What is the units digit of t?
8
Let h = 273 + -143. What is the hundreds digit of h?
1
Suppose l - 2*l = -i - 445, 5*i = -3*l + 1295. What is the tens digit of l?
4
Suppose -g = g - 6. Suppose 2 = -g*j + 14. What is the units digit of j?
4
Let j(y) be the second derivative of -y**5/10 - y**4/6 + y**3/6 + y**2 + 10*y. What is the tens digit of j(-3)?
3
Suppose -76 + 25 = -t. What is the tens digit of t?
5
Suppose 10 = b - 3*j, -52 = -4*b + j - 23. Let h = b - -1. What is the units digit of h?
8
Let g(s) = -s**3 - 9*s**2 + 5*s + 4. What is the units digit of g(-10)?
4
Let b be (2 - 1)/((-2)/8). Let m be (b/3)/(2/(-3)). Let i = 8 + m. What is the units digit of i?
0
Suppose -2*j - 2*g = 3*j - 198, 0 = 3*j + 2*g - 122. Suppose 3*c - 2*n - 29 = 0, -c + 0*c + j = 5*n. What is the units digit of c?
3
What is the units digit of 14/21*(58 - 1)?
8
Let j(w) = -w**2 - 4*w - 4*w - 3 + 5. Let t be j(-7). What is the units digit of 1*t*6/9?
6
Suppose -6*h + 9*h - 576 = 4*r, 0 = 4*h - 2*r - 778. What is the tens digit of h?
9
Suppose 0 = 6*f - 5*f - 8. Let z(x) = x**3 - 9*x**2 + 9*x - 6. Let l be z(f). What is the tens digit of (-3)/(-1) - (-9 + l)?
1
Let q = -1 + 2. Let v be 129/(-6) - q/(-2). What is the units digit of (-6)/v - (-94)/14?
7
Suppose -5*b + 6 - 1 = 0. What is the units digit of b?
1
Let b(c) = c**2 + 3. Let m be b(3). What is the units digit of (4/m)/(1/27)?
9
Suppose -5*g = -22 - 13. Let x(c) = c + 2. What is the units digit of x(g)?
9
Let u be ((-6)/(-18))/(2/18). Suppose 4*p + 0*p = -x + 21, 5 = 5*p - u*x. What is the units digit of p?
4
What is the units digit of (-14)/(-28) + (-37)/(-2)?
9
Let v(t) = t**2 + 8*t - 8. Let h be v(-7). Let b = -6 - h. Suppose 2*g = 5 + b. What is the units digit of g?
7
Let n = 7 + 0. Let i = n - -3. What is the units digit of i?
0
Suppose 6 = -5*i - 9. Let r = -5 + i. Let d(b) = -3*b - 11. What is the 